).
12
Let o(j) = 6*j + 13. Let x(b) = -5*b - 14. Let w(f) = -3*o(f) - 4*x(f). Let m be w(-8). Let r(i) = 2*i**2 - i**2 + 2*i**3 - m + 0*i**3 + i**2. What is r(-1)?
-1
Let o(y) be the second derivative of y**6/72 + y**5/120 + 37*y**3/6 + 32*y. Let k(w) be the second derivative of o(w). Determine k(1).
6
Let k = 51 - 50. Let x(d) = 2*d**3 - 2*d**2 + 6*d + 1. Let r(u) = -u**3 - u - 1. Let t(z) = k*x(z) + 3*r(z). What is t(2)?
-12
Suppose -z + 5*i + 8 = 0, 3*z + 4 = -4*i - 10. Let y(r) be the second derivative of r**3/3 + 8*r. Calculate y(z).
-4
Suppose 0 = 42*i + 437 + 67. Let o(q) = q**2 + 8*q - 44. What is o(i)?
4
Let b(l) = 4*l - 7. Let a = -13 + 28. Let w(d) = d + 33. Let c be w(-25). Let x be (c/12)/(2/a). What is b(x)?
13
Let c be (-4 - -4)*1/3. Let u(y) be the third derivative of 2*y**2 - 1/120*y**6 - 7/6*y**3 - 1/24*y**4 + 0 - 1/60*y**5 + 0*y. Determine u(c).
-7
Let j = 0 + 0. Let n(p) = 57*p**2 - p**3 + p + 27*p**2 - 44*p**2 + 18 - 41*p**2. Give n(j).
18
Let y = 4 - 10. Let c = 674 - 666. Let h be (y/c)/((-3)/(-12)). Let v(w) = -w**2 - 3*w - 1. Calculate v(h).
-1
Suppose 8*m - 8 = -0*m. Let p(v) be the second derivative of 2*v**3/3 + 8*v. Give p(m).
4
Let b(k) = k**3 + 11*k**2 + 11*k + 14. Let d be (9 - 15)/((-3)/4). Suppose d*l = -22 - 58. Give b(l).
4
Let k(a) be the second derivative of a**3/2 + 5*a**2 + 15*a. Give k(-5).
-5
Suppose 65*d + 60 = 71*d. Let b be -6 + d/2 + 1 + 0. Let m(k) be the third derivative of -k**6/120 - k**4/24 - k**3 - k**2. Calculate m(b).
-6
Let l(u) be the third derivative of -u**4/3 + u**3/3 - 24*u**2 + 2. What is l(1)?
-6
Let w(r) = 18 + 4 - 18*r**2 + 0*r - r**3 + r. Let m be w(-18). Let j(b) = -2 + 4*b**2 - m*b**3 - b + 5*b**3 - 3*b**3 + 3*b**3. Determine j(-4).
2
Let r = -132 - -126. Let h(q) = q**2 + 3*q + 1. Give h(r).
19
Let n be (-15)/(-54)*(-42)/(-70). Let b(u) be the third derivative of 0 + 0*u - 3/8*u**4 - n*u**3 - u**2. Give b(-1).
8
Let x(d) = 11*d**2 - 9*d - 9. Let a(i) = 5*i**2 - 4*i - 4. Let l(n) = 13*a(n) - 6*x(n). Determine l(3).
-1
Let u(a) be the second derivative of 7*a**3/3 - a**2/2 - 97*a. Calculate u(-3).
-43
Suppose 9*z = -0*z + 135. Let x be (-22)/4 + z/(-10). Let r(g) be the third derivative of -g**6/120 - 2*g**5/15 - 7*g**4/24 + g**3/3 - 2*g**2. Determine r(x).
2
Let r(l) = 53*l - 99*l + 0 + 45*l + 2. Let n(s) = 1. Let j(k) = -3*n(k) + r(k). Suppose 4*o + 5*f = -23, -2*o = -2*f + 7*f + 9. Determine j(o).
6
Let a(h) be the first derivative of 7/12*h**4 + 4/3*h**3 + 1/20*h**5 + 7/2*h**2 + 3 - 5*h. Let s(m) be the first derivative of a(m). What is s(-6)?
-5
Suppose 4*d - 20 = 4. Let y(v) = 9*v + 14*v - d*v**2 + 4 - v**3 - 21*v. What is y(-6)?
-8
Suppose 2*b + 61 = 71. Let d(h) = -3*h**3 + 15*h**2 - 6*h - 6. Let n(r) = -r**3 + 5*r**2 - 2*r - 2. Let u(z) = 2*d(z) - 7*n(z). Give u(b).
12
Let d(y) be the first derivative of y**4/4 - y**2/2 - 4*y + 19. Give d(0).
-4
Let v(f) = -f**2 + 2*f + 4. Let n be v(3). Let t(x) be the second derivative of 0 - x**4 + 1/6*x**3 + 0*x**2 - 36*x. Give t(n).
-11
Let v(x) be the third derivative of -x**6/120 + x**5/60 + x**4/12 - x**2. Suppose 8*l + 5*u - 5 = 3*l, 3*l = -2*u - 2. Let d be l/(-6)*(5 - 2). Give v(d).
0
Let n(g) = -g**2 - 7*g - 5 - 2 + 2. Suppose -u - 4*u + 65 = 0. Suppose -2*d - 1 = u. Calculate n(d).
-5
Let l = -7 + 4. Suppose 3*x + m - 6 = 0, 0 = -3*x + 3*m + 2*m + 24. Let n(c) = -c + 4*c**2 - c**2 - 4 - 11*c**3 + 12*c**x. Determine n(l).
-1
Let v(c) be the second derivative of c**5/5 + c**4/6 - c**3/6 - 12*c. Let s(y) = -y + 4. Let o be s(3). Suppose -b + 4 = -o, -11 = 4*m - 3*b. Give v(m).
5
Let g(j) be the second derivative of -j**5/20 + 5*j**4/12 - 2*j**3/3 - 3*j**2/2 + 8*j + 36. Let t be 16/(-2)*6/8. Let k be 8/6*t/(-2). Give g(k).
-3
Suppose 3*w - 5 = -a, 5*a - 5*w + 29 = -2*w. Let h(r) = r**2 + r - 8. Calculate h(a).
4
Suppose 43*i - 16 = 35*i. Let q(p) = 8*p**2 - 3*p + 1. Determine q(i).
27
Let y(u) be the third derivative of -1/8*u**4 + 0*u + 0 - 81*u**2 - 1/2*u**3 + 1/30*u**5. Let l = -1 - -4. Calculate y(l).
6
Let q(r) = 2*r - 3. Suppose -15 = 4*j - 9*j. Suppose -w = -b + 2, j*w + 5*b - 38 = -4. Calculate q(w).
3
Let w = -45 - -48. Let i(q) = q**w - 19 + 34 - 5*q**2 - 16 + 3*q**2. Let l(j) = -j**2 - 7*j - 4. Let x be l(-6). Give i(x).
-1
Let g(i) = 41*i**3 - i**2 + i + 1. Let n = -2105 - -2104. Determine g(n).
-42
Let z(q) = -7*q - 33. Let f be z(-6). Suppose 3 = -3*h - 3*l, 24 = -3*h + 6*l - 2*l. Let b be f*(h/6 + 0). Let c(y) = y. Calculate c(b).
-6
Let t be (-5)/(-5 - ((2 - 0) + -6)). Let c(j) = -j**3 + 5*j**2 + 2. Calculate c(t).
2
Let j(h) = -2*h - 4. Let d(w) = 0*w**2 - 305*w + 18 + 288*w - w**2. Let c be d(-16). Let i = c - 38. Determine j(i).
4
Let a(s) = s + 4. Let c be (5/4)/(-5) - 35/20. Let q be c/(1 + -3)*2*-1. Give a(q).
2
Let y(c) be the first derivative of -c**2 + 3*c + 2. Let f(a) = 3*a - 8. Let w = 28 - 24. Let g be f(w). Calculate y(g).
-5
Suppose 2*k = 1 + 1, -3*k + 147 = 4*u. Let a be (-8)/u - (-2)/9. Suppose a = 6*d - 4*d. Let m(t) = t**2 - 2. Calculate m(d).
-2
Let x be 4/(-22) - (-984)/88. Let f(h) = h - 16. Calculate f(x).
-5
Suppose b + 3*k + 2*k = -1, 0 = 3*b + 2*k + 16. Let d = b - -10. Let n(c) = 7 - d*c**2 + 10 - 19. What is n(-2)?
-18
Let j(l) = l - 1. Suppose 3*q - 4*q = -2. Let n be q/(-2)*2*(-2)/4. What is j(n)?
0
Let c(t) = t**3 + 9*t**2 + 3*t - 7. Let q be (-2 - (10 - -4))/(-2 - -4). What is c(q)?
33
Let u(h) = -h**2 - 5*h + 9 - 5*h + 3*h. Suppose -t = g - 4, -3*t - 18 = -4*g - 8*t. Suppose -4*i - 4 - 2 = g*b, 4*b + 30 = i. Determine u(b).
9
Let u(y) be the second derivative of y**3/3 + 12*y**2 - 5*y. What is u(-14)?
-4
Let c(q) = -6 - q + 2 + 4 + 3*q - 1 + q**2. Calculate c(-4).
7
Let t(n) = 43683*n**3 - n**2 + 0*n**2 + 1 - 43646*n**3. Determine t(-1).
-37
Let y(j) = -j**3 + 14*j**2 + 32*j + 9. Let a be y(16). Let f(k) = 13*k**2 - 24*k + 23. Let w(t) = 3*t**2 - 6*t + 6. Let n(l) = a*w(l) - 2*f(l). Give n(6).
8
Let m(v) = 2*v - 1. Suppose -5*j - 13 - 2 = 0, -4*k = 2*j - 6. Suppose -k*w = 4*l + 13, l - 8 = -3*l + 4*w. Give m(l).
-3
Let k(z) = 2*z**3 - 3*z**2 - z + 2. Let c be k(2). Let b(u) = 23*u + c - 23*u + u**3 + 2*u**2 + 0*u**3. Let n be (-4)/(-14) + 46/(-14). What is b(n)?
-5
Let q(s) = 2*s**2 + 11*s - 4. Let k(g) = g**2 - g. Let l(o) = -2*k(o) - q(o). Let m be l(-3). Let j(w) = -5*w + 1. What is j(m)?
26
Let f be (-1)/((-1)/(-8 - 2)). Let r(q) = q**3 + 10*q**2 + 7. Let a be r(f). Let u(t) = t - 3 - 1 - 2 + a. What is u(-2)?
-1
Suppose 4 = 5*h + 34. Let g(s) = 6 - 5*s**2 - 30*s - s**3 + 0*s**2 - 30*s + 67*s. Give g(h).
0
Let w(d) = -2*d - 1. Let v = -592 + 604. What is w(v)?
-25
Let m(h) = -7*h - 43. Let v be m(-8). Let r(k) = -k**2 + 15*k - 11. What is r(v)?
15
Let q(s) = -9*s**3 - 16*s**2 - 10*s - 21. Let n(r) = 14*r**3 + 24*r**2 + 15*r + 33. Let d(a) = 5*n(a) + 8*q(a). Give d(-3).
-6
Let l(y) be the third derivative of 1/120*y**6 - 14*y**2 + 1/15*y**5 + 0 + 0*y - 1/3*y**4 - 1/2*y**3. Give l(-5).
12
Suppose -1 = -y, 2*u - 15 + 46 = -y. Let a(z) = 2*z + 1. Calculate a(u).
-31
Let a(j) = -8*j**3 - j**2 + 1. Suppose 0*g - 4*g + 24 = 0. Let r = g - 5. Give a(r).
-8
Let y(r) be the second derivative of -1/20*r**5 - 7/2*r**2 + 0 + 8*r - 7/12*r**4 - 4/3*r**3. Give y(-6).
5
Let m(z) = -4*z - 2. Let x(b) = -b - 1. Let d(v) = m(v) - 3*x(v). Suppose 2*a + 4 + 16 = 0. Let l be (a/(-4))/((-2)/(-4)). Determine d(l).
-4
Let o(t) = -2 + 1 + 15*t - 47*t + 35*t. Calculate o(5).
14
Let z(g) = -g**3 + 4*g**2 + g - 11. Let v(n) = -4*n**2 - 81*n - 16. Let h be v(-20). Calculate z(h).
-7
Let x(y) = -y**2 - y - 8. Suppose 0 = -15*h + 75 - 0. Determine x(h).
-38
Let w = -312 - -1879/6. Let c(t) be the second derivative of w*t**3 - 1/20*t**5 + 0 + 1/2*t**4 + 2*t**2 - 5*t. Determine c(7).
4
Suppose z + 7 = 2*g, 5*z - 15 = 10. Let s(r) = 1806*r - 3609*r - 11 + 1804*r. Calculate s(g).
-5
Suppose -a = 2*s + 1, 4*s + 2*a - 3*a + 11 = 0. Let z(t) be the third derivative of 7*t**4/24 + t**3/3 + 6*t**2. Give z(s).
-12
Let g(q) = -15*q**2 + 11*q + 1. Let h be g(1). Let a(y) = 4*y**2 - 4*y + 1. Determine a(h).
49
Let h = 131 - 133. Let q(z) = 5*z - 1. Calculate q(h).
-11
Let l(y) = 7*y**3 + 4*y**2 - 3*y - 3. Let z(i) = 16*i**3 + 7*i**2 - 7*i - 5. Let u(h) = 7*l(h) - 3*z(h). Give u(-7).
-6
Let o(l) = l + 6*l**2 - 4*l + 